24121
List the prime factors of 174381.
3, 37, 1571
List the prime factors of 25219298.
2, 13, 619, 1567
List the prime factors of 7830690.
2, 3, 5, 7, 761
What are the prime factors of 220733?
307, 719
What are the prime factors of 36945?
3, 5, 821
List the prime factors of 169070.
2, 5, 11, 29, 53
What are the prime factors of 40348159?
283, 142573
List the prime factors of 955413.
3, 83, 1279
List the prime factors of 6546890.
2, 5, 7, 31, 431
What are the prime factors of 1845976?
2, 11, 1907
What are the prime factors of 1085489?
19, 57131
What are the prime factors of 133063?
7, 19009
List the prime factors of 154965.
3, 5, 10331
What are the prime factors of 247952?
2, 15497
What are the prime factors of 8280101?
1847, 4483
List the prime factors of 15719128.
2, 1091, 1801
List the prime factors of 575318.
2, 307, 937
List the prime factors of 507592.
2, 67, 947
What are the prime factors of 591590?
2, 5, 59159
What are the prime factors of 1021515?
3, 5, 11, 41, 151
What are the prime factors of 248734?
2, 124367
What are the prime factors of 151908?
2, 3, 12659
What are the prime factors of 100494?
2, 3, 1861
What are the prime factors of 630761?
619, 1019
List the prime factors of 342084.
2, 3, 29, 983
What are the prime factors of 27010?
2, 5, 37, 73
List the prime factors of 519943.
519943
What are the prime factors of 329050?
2, 5, 6581
What are the prime factors of 1100581?
1100581
What are the prime factors of 28434902?
2, 14217451
List the prime factors of 145214.
2, 17, 4271
What are the prime factors of 323906?
2, 11, 14723
What are the prime factors of 4814595?
3, 5, 97, 1103
List the prime factors of 5171375.
5, 11, 3761
List the prime factors of 2707758.
2, 3, 150431
List the prime factors of 348625.
5, 2789
What are the prime factors of 85150?
2, 5, 13, 131
What are the prime factors of 1848038?
2, 924019
List the prime factors of 3586870.
2, 5, 7, 51241
What are the prime factors of 78151?
31, 2521
List the prime factors of 3999946.
2, 43, 46511
What are the prime factors of 5223475?
5, 37, 5647
List the prime factors of 821564.
2, 205391
List the prime factors of 44218.
2, 22109
List the prime factors of 2395110.
2, 3, 5, 29, 2753
List the prime factors of 132509.
13, 10193
List the prime factors of 97105.
5, 19421
What are the prime factors of 9547195?
5, 7, 272777
What are the prime factors of 191336?
2, 23917
What are the prime factors of 259304?
2, 32413
What are the prime factors of 158711?
7, 41, 79
What are the prime factors of 25358868?
2, 3, 31, 733
List the prime factors of 307533.
3, 23, 4457
What are the prime factors of 400557?
3, 133519
List the prime factors of 1751138.
2, 101, 8669
List the prime factors of 2164661.
17, 223, 571
What are the prime factors of 819949?
13, 63073
List the prime factors of 315334.
2, 157667
List the prime factors of 674080.
2, 5, 11, 383
What are the prime factors of 208188?
2, 3, 5783
List the prime factors of 203255.
5, 13, 53, 59
List the prime factors of 163130.
2, 5, 11, 1483
What are the prime factors of 3433735?
5, 79, 8693
What are the prime factors of 9319059?
3, 1035451
What are the prime factors of 523885?
5, 29, 3613
What are the prime factors of 228241?
13, 97, 181
List the prime factors of 474112.
2, 463
List the prime factors of 103328.
2, 3229
List the prime factors of 1835823.
3, 11, 55631
List the prime factors of 47647.
29, 31, 53
List the prime factors of 780890.
2, 5, 11, 31, 229
List the prime factors of 334521.
3, 11, 31, 109
List the prime factors of 15124448.
2, 472639
List the prime factors of 2619.
3, 97
List the prime factors of 33512.
2, 59, 71
What are the prime factors of 50853?
3, 11, 23, 67
List the prime factors of 3392325.
3, 5, 15077
List the prime factors of 3297427.
7, 471061
List the prime factors of 1174280.
2, 5, 31, 947
List the prime factors of 565723.
565723
List the prime factors of 20038674.
2, 3, 571, 5849
What are the prime factors of 37036?
2, 47, 197
List the prime factors of 7966126.
2, 7, 29, 2803
List the prime factors of 7376717.
499, 14783
What are the prime factors of 3117752?
2, 11, 71, 499
List the prime factors of 10303416.
2, 3, 47701
What are the prime factors of 4268306?
2, 7, 304879
List the prime factors of 13252728.
2, 3, 19, 29063
List the prime factors of 37119918.
2, 3, 11, 173, 3251
List the prime factors of 13299884.
2, 13, 255767
List the prime factors of 511985.
5, 102397
What are the prime factors of 8976541?
7, 1282363
List the prime factors of 148360.
2, 5, 3709
What are the prime factors of 1425811?
1425811
List the prime factors of 319081.
7, 79, 577
List the prime factors of 422118.
2, 3, 7817
List the prime factors of 8480307.
3, 11, 23, 11173
List the prime factors of 784724.
2, 196181
What are the prime factors of 3083017?
7, 440431
List the prime factors of 1104763.
11, 67, 1499
List the prime factors of 204934.
2, 19, 5393
What are the prime factors of 421701?
3, 7, 43, 467
What are the prime factors of 15038679?
3, 823, 6091
What are the prime factors of 537771?
3, 13, 13789
List the prime factors of 140106.
2, 3, 19, 1229
What are the prime factors of 24975638?
2, 12487819
List the prime factors of 2081243.
29, 43, 1669
List the prime factors of 82331.
17, 29, 167
List the prime factors of 7200595.
5, 1440119
List the prime factors of 799780.
2, 5, 39989
List the prime factors of 726460.
2, 5, 7, 5189
What are the prime factors of 176571?
3, 23, 853
List the prime factors of 306995.
5, 13, 4723
List the prime factors of 908506.
2, 454253
List the prime factors of 353188.
2, 11, 23, 349
List the prime factors of 960800.
2, 5, 1201
What are the prime factors of 546429?
3, 13, 14011
List the prime factors of 25490.
2, 5, 2549
List the prime factors of 175960.
2, 5, 53, 83
List the prime factors of 256076.
2, 64019
What are the prime factors of 7939662?
2, 3, 173, 7649
List the prime factors of 269394.
2, 3, 59, 761
What are the prime factors of 292475?
5, 11699
List the prime factors of 528544.
2, 83, 199
List the prime factors of 564425.
5, 107, 211
List the prime factors of 2275652.
2, 568913
List the prime factors of 1089481.
1089481
What are the prime factors of 425658?
2, 3, 61, 1163
What are the prime factors of 494288?
2, 30893
List the prime factors of 5567488.
2, 5437
List the prime factors of 21468740.
2, 5, 31, 1117
List the prime factors of 197206.
2, 151, 653
What are the prime factors of 37611638?
2, 1367, 13757
What are the prime factors of 105050?
2, 5, 11, 191
What are the prime factors of 443320?
2, 5, 11083
List the prime factors of 407394.
2, 3, 13, 1741
List the prime factors of 6636540.
2, 3, 5, 110609
List the prime factors of 195826.
2, 179, 547
List the prime factors of 209356.
2, 7, 7477
List the prime factors of 7024329.
3, 13, 60037
What are the prime factors of 1576876?
2, 7, 199, 283
List the prime factors of 2583517.
2583517
List the prime factors of 3902095.
5, 17, 29, 1583
List the prime factors of 11500603.
11500603
List the prime factors of 27137677.
7, 23, 73, 2309
List the prime factors of 3530815.
5, 17, 41539
What are the prime factors of 74837?
7, 10691
What are the prime factors of 222736?
2, 13921
What are the prime factors of 343876?
2, 13, 17, 389
List the prime factors of 24214372.
2, 7, 13, 66523
List the prime factors of 5781793.
5781793
List the prime factors of 20212611.
3, 281, 23977
What are the prime factors of 89496?
2, 3, 11, 113
List the prime factors of 315948.
2, 3, 113, 233
List the prime factors of 229541.
13, 17657
List the prime factors of 1889506.
2, 43, 127, 173
What are the prime factors of 220222?
2, 149, 739
List the prime factors of 4724361.
3, 23, 29, 787
What are the prime factors of 379262?
2, 13, 29, 503
List the prime factors of 4356250.
2, 5, 17, 41
List the prime factors of 139772.
2, 83, 421
List the prime factors of 1681357.
79, 21283
What are the prime factors of 2427526?
2, 1213763
What are the prime factors of 2305479?
3, 11, 19, 3677
List the prime factors of 1304285.
5, 260857
List the prime factors of 272075.
5, 10883
List the prime factors of 122213.
7, 13, 17, 79
List the prime factors of 9055611.
3, 17, 109, 181
What are the prime factors of 1210862?
2, 37, 16363
What are the prime factors of 26180886?
2, 3